me factors of p?
2, 11
Let i(z) = -13*z**2 - 5*z + 5. Let r(q) = -7*q**2 - 2*q + 2. Let c(g) = -3*i(g) + 5*r(g). Let t be c(2). What are the prime factors of -66*(2 + t/(-9))?
2, 11
Let m = 23 + 897. Suppose -m = -18*o + 13*o. List the prime factors of o.
2, 23
List the prime factors of (-273)/(-3) + 7 + -8.
2, 3, 5
Let m(c) = 2*c + 18. Let d be m(-17). Let j(u) = -5*u + 11. List the prime factors of j(d).
7, 13
Let i(a) = 4*a**2 - 17*a + 13. List the prime factors of i(11).
2, 5, 31
Suppose -68 - 40 = -4*c. Suppose 2*v = 29 + c. List the prime factors of v.
2, 7
Let r = 570 - 231. List the prime factors of r.
3, 113
Suppose 40*d - 2496 = 32*d. Let j = d - 15. What are the prime factors of j?
3, 11
Let u = -65 - -69. Suppose -2*j = -u*z - 92, 0 = 5*j - 0*z + 2*z - 290. List the prime factors of j.
2, 7
Let s(g) be the second derivative of -5*g**5/2 - g**4/12 + g**2/2 - 9*g. Let q be s(-1). Let u = q + -28. List the prime factors of u.
2, 11
Let p = 1689 - 592. What are the prime factors of p?
1097
Let p = -12 - -102. Suppose 3*h = -2*k + 310, 0 = -h + k + k + p. List the prime factors of h.
2, 5
Let g(l) = l**3 - l**2 + 1. Let o be g(2). Suppose -i - 4 = -o*i. What are the prime factors of i*((-8)/(-4) - -3)?
5
Let d = -22 - -37. Suppose 0 = 4*y + d + 9. List the prime factors of 5*2 + y + 3.
7
Let q be (-1920)/136 - 4/(-34). Let u = -14 - -33. Let v = q + u. List the prime factors of v.
5
Let p(f) = 9*f + 6. Let y(u) be the first derivative of 2*u**2 + 3*u - 6. Let t(s) = -6*p(s) + 13*y(s). What are the prime factors of t(-5)?
13
Let k(f) = f**3 - 5*f**2 + 8*f - 12. Let u be k(4). Suppose -u*l + 75 = -n, -4*l = -6*l + 2*n + 36. List the prime factors of l.
19
Let m be -6*(-3)/((-24)/28). What are the prime factors of 1752/21 + (-12)/m?
2, 3, 7
Let t(m) = 282*m**2 - 2*m - 3. Let y = -73 + 72. What are the prime factors of t(y)?
281
Suppose -45*q + 29*q + 45696 = 0. What are the prime factors of q?
2, 3, 7, 17
Let g(p) be the second derivative of 0 - 1/6*p**3 + 9/2*p**2 - 6*p. What are the prime factors of g(6)?
3
What are the prime factors of ((-4309)/(-9) - -2) + (-12)/(-54)?
13, 37
Let l be (3/(-2) + (-3 - -5))*18. Suppose 131 = l*j - 121. What are the prime factors of j?
2, 7
Let t(w) = -w - 4. Let j be t(-6). Suppose o - 234 = -5*s - 2*o, -j*s + 96 = 2*o. Suppose 1 = -2*b + s. What are the prime factors of b?
2, 11
Let q = 91 - -541. What are the prime factors of q?
2, 79
Let n = 3948 - 864. What are the prime factors of n?
2, 3, 257
Let o(r) = 30*r**2 + 26*r - 13. What are the prime factors of o(9)?
11, 241
Let c(n) = -n**3 + 7*n**2 - n + 6. Let a be c(7). What are the prime factors of 3/(-12)*a - (-806)/8?
101
Let a(b) = 656*b**2 - 7*b + 7. List the prime factors of a(1).
2, 41
What are the prime factors of 1/5 + (5784454/65)/17?
3, 5, 349
What are the prime factors of ((-3236)/20)/(10/(-50))?
809
What are the prime factors of 96/(-64)*(-316 + 0)?
2, 3, 79
Suppose -8*a + 10*a - 8 = 0. Suppose a*x = -3*b - 52, 5*b - b - 5*x + 121 = 0. Let q = b + 30. List the prime factors of q.
2, 3
Let c(k) = -k**3 - 3*k**2 - 3*k - 3. Let o be c(-2). Let l be 6 + (o - (2 + -1)). Suppose i - l*i = -114. List the prime factors of i.
2, 19
Suppose g - 7 + 1 = -j, 0 = -3*j - 12. Let y(b) = -b + 12. Let v be y(10). Let k = v + g. What are the prime factors of k?
2, 3
Suppose -3*p + 205 + 434 = 0. List the prime factors of p.
3, 71
Let i(v) = -24*v**2 - 3*v + 32. Let d be i(11). List the prime factors of 8/44 - d/55.
53
Let q = 3475 - 2248. What are the prime factors of q?
3, 409
Let u = -22 + 30. What are the prime factors of -3*191/3*(-9 + u)?
191
Let s be -2*(-7 + 4) - -3. Suppose -10*m + 4 = -s*m. Let l(c) = 15*c - 1. What are the prime factors of l(m)?
59
Suppose 4*k - 3*a = 2*a + 1263, -3*a = -k + 307. Suppose -5*o + k = 82. What are the prime factors of o?
2, 3
Let s be (-8)/10*(-45)/9. Suppose s*g = 8, k + g + 4 = 9. Suppose -2*j + 3*x = -96, -x + k*x + 98 = 2*j. What are the prime factors of j?
3, 17
Let v = -9 + 18. Suppose -v - 4 = -y. List the prime factors of y.
13
Let w(b) = -b**2 - 10*b - 6. Let s be w(-9). Let h = 61 - 60. Let m = s + h. What are the prime factors of m?
2
Let b(c) = 2*c**3 - 16*c**2 + 5*c - 6. Suppose -1 - 7 = -r. What are the prime factors of b(r)?
2, 17
Let t be 399 + (1/(-2)*-2)/(-1). Suppose r - t = -3*a, -8*a + 3*a = -r - 658. What are the prime factors of a?
2, 3, 11
Suppose -3*u = -4*u + 7. Let x be (-580)/(3 - u) - 3. Let q = x - 92. List the prime factors of q.
2, 5
List the prime factors of (-24993)/(-45) - 6/15.
3, 5, 37
Let g = 267 - 159. Suppose 0 = -4*j - 8, -5*j = 3*n - 182 - g. List the prime factors of n.
2, 5
Suppose -d + 1 = -3. Let y = 745 + -741. Suppose y*t - 20 = 0, d*q - 225 = -q + 4*t. What are the prime factors of q?
7
Let d(g) = -14*g**3 + g**2 + 4*g + 23. What are the prime factors of d(-6)?
7, 19, 23
Let y(d) = -d**3 + 8*d**2 - 8*d + 2. Let u be y(7). Let w be (-16)/10 - (-2)/u. What are the prime factors of (w - -1)*(-1 + -36)?
37
Let m be -3 + (-1)/(2/(-13602)). Let v be (m/(-77))/(1/(-7)). List the prime factors of 4/14 - v/(-42).
3, 5
Let f(p) be the second derivative of p**5/5 - p**4/6 + p**2 - 28*p. List the prime factors of f(3).
2, 23
Let u = -41 + 41. Suppose u = -5*z + 4*w + 525, 0 = -5*z + 5*w + 283 + 242. What are the prime factors of z?
3, 5, 7
Suppose -4*o + 3*n + 759 = -563, -1308 = -4*o - 4*n. What are the prime factors of o?
7, 47
Let t(d) = d + 13. Suppose -4*s - 15 = 5. Let u be t(s). Suppose 15 = u*w - 3*w. What are the prime factors of w?
3
Suppose 2*w + 3*i + 2304 = 5*w, -2*w + 1539 = -3*i. What are the prime factors of w?
3, 5, 17
Suppose -2159 = -4*m - 303. List the prime factors of m.
2, 29
Let r(n) = 2*n**2 - 11*n + 4. Let h be r(9). Let i = h + -3. Let t = i - 36. What are the prime factors of t?
2, 7
Suppose 0*i + 115 = -i. Let t = i + 189. List the prime factors of t.
2, 37
Let n = -5 - -9. Let t(y) = 2*y**3 - 5*y**2 + y + 4. List the prime factors of t(n).
2, 7
Let x = 261 + 544. What are the prime factors of x?
5, 7, 23
Let i = -10 + 13. Suppose 4*c - 10 = i*c. Let n(p) = 5*p - 13. What are the prime factors of n(c)?
37
Let w(z) = 40*z + 83. Let v be w(-8). Let g = v - -430. List the prime factors of g.
193
Let m be (-1)/(-1)*22/1. Let d be 4/m + 120/66. Suppose -4*z = d*v - 24, -v - 5*z + 24 = -0*z. List the prime factors of v.
2
Suppose -13*y = -14*y + 32. Suppose -4*d - 150 = d. Let b = d + y. What are the prime factors of b?
2
Suppose 5*i + w = 6*w + 35, 4*i = -3*w. Suppose -10 = -i*m + 350. List the prime factors of m.
2, 3, 5
Suppose 0 = 7*t - 4*t - 4*y - 1559, 0 = -5*t + y + 2587. What are the prime factors of t?
11, 47
Let f be (-370)/45 + 4/18. Let z = f - -13. Suppose 0*m + 26 = m - y, -4*m + z*y = -99. What are the prime factors of m?
31
What are the prime factors of 50/20*(4 - (-6488)/20)?
821
Suppose 4*j = j + 3*n + 15, 0 = -4*j + 2*n + 10. Suppose 0 = -v - 4*y + 2, -3*y = 5*v - j*y - 10. What are the prime factors of 150*3/(v - -7)?
2, 5
Suppose 18*v - 461214 = -128*v. List the prime factors of v.
3, 13
Let c = 1973 + -922. What are the prime factors of c?
1051
Let z(i) = -9*i - 8. Let a be z(-8). Suppose 6*j - a = 56. List the prime factors of j.
2, 5
List the prime factors of (4 - 30/12)*8810/15.
881
Let t(o) = 14*o**2 + 13*o + 14. List the prime factors of t(-9).
1031
Suppose 0 = 7*g - 20 - 8. Let c = 49 - g. What are the prime factors of c?
3, 5
Suppose -5*v + 4*h + 0*h + 5 = 0, 2*h = -10. Let o(y) = 30*y - 9. Let g(p) = 15*p - 4. Let x(l) = v*o(l) + 7*g(l). What are the prime factors of x(1)?
2, 7
Suppose x + 9 + 1 = -2*a, 0 = 2*x + a + 8. Let v(i) be the second derivative of i**4/6 + i**2/2 - 2*i. What are the prime factors of v(x)?
3
Let y(q) = -q**2 - 14*q - 12. Let n be y(-13). List the prime factors of (-3 + 9 - 3)/n.
3
Let k be 4*-2*3/12. Let p be ((-10)/(-15))/(k/(-6)). Suppose -4*z = -p*i + 88, 3*i - 7*z - 128 = -3*z. What are the prime factors of i?
2, 5
Let v(n) be the second derivative of n**4/12 - 3*n**3/2 - 3*n**2/2 + 4*n. Let b be v(8). Let u = 30 + b. List the prime factors of u.
19
Suppose -3*p + 12 = -0*p. Suppose p*u - 3*b - 33 = 0, 5*u + 0*b - 45 = 3*b. What are the prime factors of u?
2, 3
Suppose -2*o = -317 - 763. List the